{"id":44,"date":"2021-12-03T08:53:28","date_gmt":"2021-12-03T08:53:28","guid":{"rendered":"https:\/\/arnay1418.rarebook-ubfc.fr\/?page_id=44"},"modified":"2023-07-06T04:32:04","modified_gmt":"2023-07-06T04:32:04","slug":"morts-et-souvenir","status":"publish","type":"page","link":"https:\/\/alisteraldridge.fr\/arnay1418\/morts-et-souvenir\/","title":{"rendered":"Le souvenir des morts"},"content":{"rendered":"<p class=\"has-text-align-center has-medium-font-size\">Soldats dont les noms sont inscrits<br>sur le monument aux morts et sur la plaque comm\u00e9morative en l&rsquo;\u00e9glise Saint-Laurent<\/p><figure class=\"wp-block-image aligncenter size-full is-resized is-style-rounded\"><img loading=\"lazy\" decoding=\"async\" src=\"https:\/\/arnay1418.rarebook-ubfc.fr\/wp-content\/uploads\/2021\/12\/MonumentPlan_Loin.jpg\" alt=\"Plan lointain du monument aux morts de la ville d'Arnay-le-Duc\" class=\"wp-image-66\" width=\"452\" height=\"603\" srcset=\"https:\/\/alisteraldridge.fr\/arnay1418\/wp-content\/uploads\/sites\/2\/2021\/12\/MonumentPlan_Loin.jpg 768w, https:\/\/alisteraldridge.fr\/arnay1418\/wp-content\/uploads\/sites\/2\/2021\/12\/MonumentPlan_Loin-225x300.jpg 225w\" sizes=\"(max-width: 452px) 100vw, 452px\" \/><\/figure><div class=\"wp-block-columns is-layout-flex wp-container-core-columns-is-layout-1 wp-block-columns-is-layout-flex\"><div class=\"wp-block-column is-layout-flow wp-block-column-is-layout-flow\"><p class=\"has-text-align-center\"><strong><a rel=\"noreferrer noopener\" href=\"https:\/\/alisteraldridge.fr\/arnay1418\/arnoux-claude\/\" target=\"_blank\">ARNOUX<\/a> <\/strong>Claude<br><strong><a rel=\"noreferrer noopener\" href=\"https:\/\/alisteraldridge.fr\/arnay1418\/bellant-louis\/\" target=\"_blank\">BELLANT<\/a><\/strong> Louis<br><strong><a rel=\"noreferrer noopener\" href=\"https:\/\/alisteraldridge.fr\/arnay1418\/bellant-rene\/\" target=\"_blank\">BELLANT<\/a> <\/strong>Ren\u00e9<br><strong><a rel=\"noreferrer noopener\" href=\"https:\/\/alisteraldridge.fr\/arnay1418\/bertrand-gaston\/\" target=\"_blank\">BERTRAND<\/a> <\/strong>Gaston<br><strong><a rel=\"noreferrer noopener\" href=\"https:\/\/alisteraldridge.fr\/arnay1418\/bidault-claude-jean\/\" target=\"_blank\">BIDAULT<\/a><\/strong> Claude Jean<br><strong><a rel=\"noreferrer noopener\" href=\"https:\/\/alisteraldridge.fr\/arnay1418\/billet-claude\/\" target=\"_blank\">BILLET<\/a> <\/strong>Claude<br><strong><a rel=\"noreferrer noopener\" href=\"https:\/\/alisteraldridge.fr\/arnay1418\/brenot-emile-henry\/\" target=\"_blank\">BRENOT<\/a> <\/strong>Emile Henry<br><strong><a rel=\"noreferrer noopener\" href=\"https:\/\/alisteraldridge.fr\/arnay1418\/caillot-lazare-rene\/\" target=\"_blank\">CAILLOT<\/a> <\/strong>Lazare Ren\u00e9<br><strong><a rel=\"noreferrer noopener\" href=\"https:\/\/alisteraldridge.fr\/arnay1418\/camatte-jean\/\" target=\"_blank\">CAMATTE<\/a> <\/strong>Jean dit Jean-Charles<br><strong><a rel=\"noreferrer noopener\" href=\"https:\/\/alisteraldridge.fr\/arnay1418\/camusat-jean-baptiste\/\" target=\"_blank\">CAMUSAT<\/a> <\/strong>Jean Baptiste<br><strong><a rel=\"noreferrer noopener\" href=\"https:\/\/alisteraldridge.fr\/arnay1418\/carlier-henri-prosper\/\" target=\"_blank\">CARLIER<\/a> <\/strong>Henri Prosper<br><strong><a rel=\"noreferrer noopener\" href=\"https:\/\/alisteraldridge.fr\/arnay1418\/carre-felix\/\" target=\"_blank\">CARR\u00c9<\/a> <\/strong>F\u00e9lix Claude<br><strong><a rel=\"noreferrer noopener\" href=\"https:\/\/alisteraldridge.fr\/arnay1418\/chalumeau-pierre\/\" target=\"_blank\">CHALUMEAU<\/a><\/strong> Pierre<br><strong><a rel=\"noreferrer noopener\" href=\"https:\/\/alisteraldridge.fr\/arnay1418\/chastan-louis-jean-pierre\/\" target=\"_blank\">CHASTAN<\/a> <\/strong>Louis Jean Pierre<br><strong><a rel=\"noreferrer noopener\" href=\"https:\/\/alisteraldridge.fr\/arnay1418\/chauffard-felix\/\" target=\"_blank\">CHAUFFARD<\/a> <\/strong>F\u00e9lix<br><strong><a rel=\"noreferrer noopener\" href=\"https:\/\/alisteraldridge.fr\/arnay1418\/chauvry-leon-henri\/\" target=\"_blank\">CHAUVRY<\/a> <\/strong>L\u00e9on Henri<br><strong><a rel=\"noreferrer noopener\" href=\"https:\/\/alisteraldridge.fr\/arnay1418\/contant-lazare-albert\/\" target=\"_blank\">CONTANT<\/a> <\/strong>Lazare Albert<br><strong><a rel=\"noreferrer noopener\" href=\"https:\/\/alisteraldridge.fr\/arnay1418\/contant-paul\/\" target=\"_blank\">CONTANT<\/a> <\/strong>Paul<br><strong><a rel=\"noreferrer noopener\" href=\"https:\/\/alisteraldridge.fr\/arnay1418\/cottin-jean-baptiste\/\" target=\"_blank\">COTTIN<\/a> <\/strong>Jean Baptiste<br><strong><a rel=\"noreferrer noopener\" href=\"https:\/\/alisteraldridge.fr\/arnay1418\/cottin-joseph-charles\/\" target=\"_blank\">COTTIN<\/a> <\/strong>Joseph Charles<br><strong><a rel=\"noreferrer noopener\" href=\"https:\/\/alisteraldridge.fr\/arnay1418\/coulon-jules\/\" target=\"_blank\">COULON<\/a> <\/strong>Jules<br><strong><a rel=\"noreferrer noopener\" href=\"https:\/\/alisteraldridge.fr\/arnay1418\/croci-francois\/\" target=\"_blank\">CROCI<\/a> <\/strong>Fran\u00e7ois<br><strong><a rel=\"noreferrer noopener\" href=\"https:\/\/alisteraldridge.fr\/arnay1418\/croci-jules\/\" target=\"_blank\">CROCI<\/a> <\/strong>Jules<br><strong><a rel=\"noreferrer noopener\" href=\"https:\/\/alisteraldridge.fr\/arnay1418\/dabsta-gaston\/\" target=\"_blank\">DABSTA<\/a><\/strong> Gaston<br><strong><a rel=\"noreferrer noopener\" href=\"https:\/\/alisteraldridge.fr\/arnay1418\/dardier-francois-pierre-louis\/\" target=\"_blank\">DARDIER<\/a> <\/strong>Fran\u00e7ois Pierre Louis<br><strong><a rel=\"noreferrer noopener\" href=\"https:\/\/alisteraldridge.fr\/arnay1418\/deblangey-hippolyte-gabriel\/\" target=\"_blank\">DEBLANGEY<\/a> <\/strong>Hippolyte Gabriel<br><strong><a rel=\"noreferrer noopener\" href=\"https:\/\/alisteraldridge.fr\/arnay1418\/denninger-julien\/\" target=\"_blank\">DENNINGER<\/a> <\/strong>Julien<br><strong><a href=\"https:\/\/alisteraldridge.fr\/arnay1418\/deroye-auguste-edouard\/\">DEROYE<\/a><\/strong> Auguste \u00c9douard<br><strong><a rel=\"noreferrer noopener\" href=\"https:\/\/alisteraldridge.fr\/arnay1418\/desvignes-antoine-jean-baptiste\/\" target=\"_blank\">DESVIGNES<\/a> <\/strong>Antoine Jean Baptiste<br><strong><a rel=\"noreferrer noopener\" href=\"https:\/\/alisteraldridge.fr\/arnay1418\/didier-marcel\/\" target=\"_blank\">DIDIER<\/a> <\/strong>Marcel<br><strong><a rel=\"noreferrer noopener\" href=\"https:\/\/alisteraldridge.fr\/arnay1418\/diolot-francois-jean\/\" target=\"_blank\">DIOLOT<\/a> <\/strong>Fran\u00e7ois Jean<br><strong><a rel=\"noreferrer noopener\" href=\"https:\/\/alisteraldridge.fr\/arnay1418\/donzeau-antonin\/\" target=\"_blank\">DONZEAU<\/a> <\/strong>Antonin<br><strong><a rel=\"noreferrer noopener\" href=\"https:\/\/alisteraldridge.fr\/arnay1418\/donzeau-gaston-pierre\/\" target=\"_blank\">DONZEAU<\/a> <\/strong>Gaston Pierre<br><strong><a rel=\"noreferrer noopener\" href=\"https:\/\/alisteraldridge.fr\/arnay1418\/dorier-louis-marcel\/\" target=\"_blank\">DORIER<\/a> <\/strong>Louis Marcel<br><strong><a rel=\"noreferrer noopener\" href=\"https:\/\/alisteraldridge.fr\/arnay1418\/duc-leon\/\" target=\"_blank\">DUC<\/a> <\/strong>L\u00e9on<br><strong><a rel=\"noreferrer noopener\" href=\"https:\/\/alisteraldridge.fr\/arnay1418\/duvaquier-francois-albert\/\" target=\"_blank\">DUVAQUIER<\/a> <\/strong>Fran\u00e7ois Albert<br><strong><a rel=\"noreferrer noopener\" href=\"https:\/\/alisteraldridge.fr\/arnay1418\/ecochard-edouard-leon-victor\/\" target=\"_blank\">\u00c9COCHARD<\/a> <\/strong>\u00c9douard L\u00e9on Victor<br><strong><a rel=\"noreferrer noopener\" href=\"https:\/\/alisteraldridge.fr\/arnay1418\/fauleau-claude-francois\/\" target=\"_blank\">FAUL\u00c9AU<\/a> <\/strong>Claude Fran\u00e7ois dit Antonin<br><strong><a rel=\"noreferrer noopener\" href=\"https:\/\/alisteraldridge.fr\/arnay1418\/feurprier-maurice-robert\/\" target=\"_blank\">FEURPRIER<\/a> <\/strong>Maurice Robert<br><strong>GACHON <\/strong>L.<br><strong><a rel=\"noreferrer noopener\" href=\"https:\/\/alisteraldridge.fr\/arnay1418\/gaillot-georges-claude-louis\/\" target=\"_blank\">GAILLOT<\/a> <\/strong>Georges Claude Louis<br><strong><a rel=\"noreferrer noopener\" href=\"https:\/\/alisteraldridge.fr\/arnay1418\/gaulier-theodore\/\" target=\"_blank\">GAULIER<\/a> <\/strong>Th\u00e9odore<br><strong><a rel=\"noreferrer noopener\" href=\"https:\/\/alisteraldridge.fr\/arnay1418\/gerard-claude\/\" target=\"_blank\">G\u00c9RARD<\/a> <\/strong>Claude<br><strong><a rel=\"noreferrer noopener\" href=\"https:\/\/alisteraldridge.fr\/arnay1418\/gilloc-henri\/\" target=\"_blank\">GILLOC<\/a> <\/strong>Henri<br><strong><a rel=\"noreferrer noopener\" href=\"https:\/\/alisteraldridge.fr\/arnay1418\/gilloc-marcel-claude\/\" target=\"_blank\">GILLOC<\/a> <\/strong>Marcel Claude<br><strong><a rel=\"noreferrer noopener\" href=\"https:\/\/alisteraldridge.fr\/arnay1418\/godard-louis\/\" target=\"_blank\">GODARD<\/a> <\/strong>Louis dit Joseph<br><strong><a rel=\"noreferrer noopener\" href=\"https:\/\/alisteraldridge.fr\/arnay1418\/grandjean-gilbert-felix\/\" target=\"_blank\">GRANDJEAN<\/a><\/strong> Gilbert F\u00e9lix<br><strong><a rel=\"noreferrer noopener\" href=\"https:\/\/alisteraldridge.fr\/arnay1418\/gruer-charles-denis-joseph\/\" target=\"_blank\">GRUER<\/a> <\/strong>Charles<br><strong><a rel=\"noreferrer noopener\" href=\"https:\/\/alisteraldridge.fr\/arnay1418\/grusse-dagneaux-louis-albert\/\" target=\"_blank\">GRUSSE-DAGNEAUX<\/a><\/strong> Louis Albert<br><strong><a rel=\"noreferrer noopener\" href=\"https:\/\/alisteraldridge.fr\/arnay1418\/guenot-laurent-leon\/\" target=\"_blank\">GU\u00c9NOT<\/a> <\/strong>Laurent L\u00e9on<\/p><\/div>\n\n<div class=\"wp-block-column is-layout-flow wp-block-column-is-layout-flow\"><p class=\"has-text-align-center\"><a href=\"https:\/\/alisteraldridge.fr\/arnay1418\/guenot-jean-denis-rene\/\" target=\"_blank\" rel=\"noreferrer noopener\"><strong>GUENOT<\/strong><\/a> Jean Denis Ren\u00e9<br><strong><a href=\"https:\/\/alisteraldridge.fr\/arnay1418\/guillaume-charles-felix\/\">GUILLAUME<\/a> <\/strong>Charles F\u00e9lix<br><strong><a href=\"https:\/\/alisteraldridge.fr\/arnay1418\/hennequin-andre-raoul-paul\/\" target=\"_blank\" rel=\"noreferrer noopener\">HENNEQUIN<\/a> <\/strong>Andr\u00e9 Raoul Paul<br><strong><a href=\"https:\/\/alisteraldridge.fr\/arnay1418\/huguenot-marcel-raoul\/\" target=\"_blank\" rel=\"noreferrer noopener\">HUGUENOT<\/a><\/strong> Marcel Raoul<br><strong><a href=\"https:\/\/alisteraldridge.fr\/arnay1418\/isaac-victor\/\" target=\"_blank\" rel=\"noreferrer noopener\">ISAAC <\/a><\/strong>Victor<br><strong><a href=\"https:\/\/alisteraldridge.fr\/arnay1418\/jarlaud-louis-paul-francois-pierre\/\" target=\"_blank\" rel=\"noreferrer noopener\">JARLAUD<\/a> <\/strong>Louis Paul Fran\u00e7ois Pierre<br><strong><a href=\"https:\/\/alisteraldridge.fr\/arnay1418\/kopp-emile\/\" target=\"_blank\" rel=\"noreferrer noopener\">KOPP<\/a><\/strong> \u00c9mile<br><strong><a href=\"https:\/\/alisteraldridge.fr\/arnay1418\/labonde-marie-louise-constance\/\" target=\"_blank\" rel=\"noreferrer noopener\">LABONDE<\/a> <\/strong>Marie Louise Constance<br><strong><a href=\"https:\/\/alisteraldridge.fr\/arnay1418\/lacroix-lucien\/\" target=\"_blank\" rel=\"noreferrer noopener\">LACROIX<\/a> <\/strong>Lucien<br><strong><a href=\"https:\/\/alisteraldridge.fr\/arnay1418\/lanier-francois-auguste\/\" target=\"_blank\" rel=\"noreferrer noopener\">LANIER<\/a><\/strong> Fran\u00e7ois Auguste<br><strong><a href=\"https:\/\/alisteraldridge.fr\/arnay1418\/lanoiselee-jacques-edouard-anne-marie\/\" target=\"_blank\" rel=\"noreferrer noopener\">LANOISEL\u00c9E<\/a> <\/strong>Jacques \u00c9douard Anne Marie<br><strong><a href=\"https:\/\/alisteraldridge.fr\/arnay1418\/laroche-henri\/\" target=\"_blank\" rel=\"noreferrer noopener\">LAROCHE<\/a> <\/strong>Henri<br><strong><a href=\"https:\/\/alisteraldridge.fr\/arnay1418\/leboeuf-leon-louis\/\" target=\"_blank\" rel=\"noreferrer noopener\">LEBOEUF<\/a> <\/strong>L\u00e9on Louis<br><strong><a href=\"https:\/\/alisteraldridge.fr\/arnay1418\/leroy-alphonse-eugene\/\" target=\"_blank\" rel=\"noreferrer noopener\">LEROY<\/a><\/strong> Alphonse Eug\u00e8ne<br><strong><a href=\"https:\/\/alisteraldridge.fr\/arnay1418\/levitre-julien\/\" target=\"_blank\" rel=\"noreferrer noopener\">LEVITRE<\/a> <\/strong>Julien<br><strong><a href=\"https:\/\/alisteraldridge.fr\/arnay1418\/lhomme-edmond-eugene-emile\/\" target=\"_blank\" rel=\"noreferrer noopener\">LHOMME<\/a> <\/strong>Edmond Eug\u00e8ne \u00c9mile<br><strong><a href=\"https:\/\/alisteraldridge.fr\/arnay1418\/lhomme-henri-celestin-claude\/\" target=\"_blank\" rel=\"noreferrer noopener\">LHOMME<\/a> <\/strong>Henri C\u00e9lestin Claude<br><strong><a href=\"https:\/\/alisteraldridge.fr\/arnay1418\/loidreau-charles-auguste\/\" target=\"_blank\" rel=\"noreferrer noopener\">LOIDREAU<\/a> <\/strong>Charles Auguste<br><strong><a href=\"https:\/\/alisteraldridge.fr\/arnay1418\/lorot-francois\/\" target=\"_blank\" rel=\"noreferrer noopener\">LOROT<\/a> <\/strong>Fran\u00e7ois<br><strong><a href=\"https:\/\/alisteraldridge.fr\/arnay1418\/martin-jules\/\" target=\"_blank\" rel=\"noreferrer noopener\">MARTIN<\/a> <\/strong>Jules<br><strong><a href=\"https:\/\/alisteraldridge.fr\/arnay1418\/martin-louis-julien\/\" target=\"_blank\" rel=\"noreferrer noopener\">MARTIN<\/a> <\/strong>Louis Julien<br><strong><a href=\"https:\/\/alisteraldridge.fr\/arnay1418\/martin-pierre-marie\/\" target=\"_blank\" rel=\"noreferrer noopener\">MARTIN<\/a> <\/strong>Pierre Marie<br><strong><a href=\"https:\/\/alisteraldridge.fr\/arnay1418\/maubon-robert-philippe\/\" target=\"_blank\" rel=\"noreferrer noopener\">MAUBON<\/a> <\/strong>Robert Philippe<br><strong><a href=\"https:\/\/alisteraldridge.fr\/arnay1418\/maufroy-claude\/\" target=\"_blank\" rel=\"noreferrer noopener\">MAUFROY<\/a><\/strong> Claude<br><strong><a href=\"https:\/\/alisteraldridge.fr\/arnay1418\/maufroy-jean-baptiste\/\" target=\"_blank\" rel=\"noreferrer noopener\">MAUFROY<\/a> <\/strong>Jean Baptiste<br><strong><a href=\"https:\/\/alisteraldridge.fr\/arnay1418\/meuriot-emile\/\">MEURIOT<\/a> <\/strong>\u00c9mile<br><strong><a href=\"https:\/\/alisteraldridge.fr\/arnay1418\/michot-auguste-etienne\/\" target=\"_blank\" rel=\"noreferrer noopener\">MICHOT<\/a><\/strong> Auguste \u00c9tienne<br><strong><a href=\"https:\/\/alisteraldridge.fr\/arnay1418\/michot-henri\/\" target=\"_blank\" rel=\"noreferrer noopener\">MICHOT<\/a> <\/strong>Henri<br><strong><a href=\"https:\/\/alisteraldridge.fr\/arnay1418\/moreau-charles\/\" target=\"_blank\" rel=\"noreferrer noopener\">MOREAU<\/a> <\/strong>Charles<br><strong><a href=\"https:\/\/alisteraldridge.fr\/arnay1418\/moreau-georges\/\" target=\"_blank\" rel=\"noreferrer noopener\">MOREAU<\/a> <\/strong>Georges<br><strong><a href=\"https:\/\/alisteraldridge.fr\/arnay1418\/moreau-joseph\/\" target=\"_blank\" rel=\"noreferrer noopener\">MOREAU<\/a> <\/strong>Joseph<br><strong><a href=\"https:\/\/alisteraldridge.fr\/arnay1418\/moreau-robert\/\" target=\"_blank\" rel=\"noreferrer noopener\">MOREAU<\/a><\/strong> Robert<br><strong><a href=\"https:\/\/alisteraldridge.fr\/arnay1418\/mourot-alexandre-fernand\/\" target=\"_blank\" rel=\"noreferrer noopener\">MOUROT<\/a> <\/strong>Alexandre Fernand<br><strong><a href=\"https:\/\/alisteraldridge.fr\/arnay1418\/muntz-jean\/\" target=\"_blank\" rel=\"noreferrer noopener\">MUNTZ<\/a><\/strong> Jean<br><strong><a href=\"https:\/\/alisteraldridge.fr\/arnay1418\/narcy-edouard\/\" target=\"_blank\" rel=\"noreferrer noopener\">NARCY<\/a> <\/strong>\u00c9douard<br><strong><a href=\"https:\/\/alisteraldridge.fr\/arnay1418\/nicolle-jean-marie\/\" target=\"_blank\" rel=\"noreferrer noopener\">NICOLLE<\/a> <\/strong>Jean Marie<br><strong><a href=\"https:\/\/alisteraldridge.fr\/arnay1418\/nief-pierre-auguste-jean-baptiste\/\" target=\"_blank\" rel=\"noreferrer noopener\">NIEF<\/a> <\/strong>Pierre Auguste Jean Baptiste<br><strong><a href=\"https:\/\/alisteraldridge.fr\/arnay1418\/perrin-theophile-jean-baptiste-lazare\/\" target=\"_blank\" rel=\"noreferrer noopener\">PERRIN<\/a> <\/strong>Th\u00e9ophile Jean<br><strong><a href=\"https:\/\/alisteraldridge.fr\/arnay1418\/poillot-marcel-cyrille\/\" target=\"_blank\" rel=\"noreferrer noopener\">POILLOT<\/a><\/strong> Marcel Cyrille<br><strong><a href=\"https:\/\/alisteraldridge.fr\/arnay1418\/privet-jules-claude-francois-desire\/\" target=\"_blank\" rel=\"noreferrer noopener\">PRIVET<\/a> <\/strong>Jules Claude Fran\u00e7ois D\u00e9sir\u00e9<br><strong><a href=\"https:\/\/alisteraldridge.fr\/arnay1418\/ravet-paul-armand\/\" target=\"_blank\" rel=\"noreferrer noopener\">RAVET<\/a> <\/strong>Paul Armand<br><strong><a href=\"https:\/\/alisteraldridge.fr\/arnay1418\/renaud-jean-baptiste\/\" target=\"_blank\" rel=\"noreferrer noopener\">RENAUD<\/a><\/strong> Jean Baptiste<br><strong><a href=\"https:\/\/alisteraldridge.fr\/arnay1418\/rimet-edmond-stanislas-antide\/\" target=\"_blank\" rel=\"noreferrer noopener\">RIMET<\/a><\/strong> Edmond Stanislas Antide<br><strong><a href=\"https:\/\/alisteraldridge.fr\/arnay1418\/ruffino-jean-baptiste-louis\/\" target=\"_blank\" rel=\"noreferrer noopener\">RUFFINO<\/a> <\/strong>Jean Baptiste Louis<br><strong><a href=\"https:\/\/alisteraldridge.fr\/arnay1418\/sagrange-eugene\/\" target=\"_blank\" rel=\"noreferrer noopener\">SAGRANGE<\/a> <\/strong>Eug\u00e8ne dit Paul<br><strong><a href=\"https:\/\/alisteraldridge.fr\/arnay1418\/travaillen-marius-adrien\/\" target=\"_blank\" rel=\"noreferrer noopener\">TRAVAILLEN<\/a> <\/strong>Marius Adrien<br><strong><a href=\"https:\/\/alisteraldridge.fr\/arnay1418\/vatan-louis-oscar-joseph\/\" target=\"_blank\" rel=\"noreferrer noopener\">VATAN<\/a> <\/strong>Louis Oscar Joseph<br><strong><a href=\"https:\/\/alisteraldridge.fr\/arnay1418\/vlaminck-alfred-fernand\/\" target=\"_blank\" rel=\"noreferrer noopener\">VLAMINCK<\/a> <\/strong>Alfred Fernand<br><strong><a href=\"https:\/\/alisteraldridge.fr\/arnay1418\/voillery-rene\/\" target=\"_blank\" rel=\"noreferrer noopener\">VOILLERY<\/a> <\/strong>Ren\u00e9<br><strong><a href=\"https:\/\/alisteraldridge.fr\/arnay1418\/voirin-jules-laurent-theodore\/\" target=\"_blank\" rel=\"noreferrer noopener\">VOIRIN<\/a><\/strong> Jules Laurent Th\u00e9odore<\/p><\/div><\/div><p><\/p>","protected":false},"excerpt":{"rendered":"<p>Soldats dont les noms sont inscritssur le monument aux morts et sur la plaque comm\u00e9morative en l&rsquo;\u00e9glise Saint-Laurent ARNOUX ClaudeBELLANT LouisBELLANT Ren\u00e9BERTRAND GastonBIDAULT Claude JeanBILLET [&#8230;]<\/p>\n","protected":false},"author":2,"featured_media":0,"parent":0,"menu_order":0,"comment_status":"closed","ping_status":"closed","template":"","meta":{"footnotes":""},"class_list":["post-44","page","type-page","status-publish","hentry"],"yoast_head":"<!-- This site is optimized with the Yoast SEO plugin v25.6 - https:\/\/yoast.com\/wordpress\/plugins\/seo\/ -->\n<title>Le souvenir des morts - Arnay-le-Duc 1914-1918<\/title>\n<meta name=\"robots\" content=\"index, follow, max-snippet:-1, max-image-preview:large, max-video-preview:-1\" \/>\n<link rel=\"canonical\" href=\"https:\/\/alisteraldridge.fr\/arnay1418\/morts-et-souvenir\/\" \/>\n<meta property=\"og:locale\" content=\"fr_FR\" \/>\n<meta property=\"og:type\" content=\"article\" \/>\n<meta property=\"og:title\" content=\"Le souvenir des morts - Arnay-le-Duc 1914-1918\" \/>\n<meta property=\"og:description\" content=\"Soldats dont les noms sont inscritssur le monument aux morts et sur la plaque comm\u00e9morative en l&rsquo;\u00e9glise Saint-Laurent ARNOUX ClaudeBELLANT LouisBELLANT Ren\u00e9BERTRAND GastonBIDAULT Claude JeanBILLET [...]\" \/>\n<meta property=\"og:url\" content=\"https:\/\/alisteraldridge.fr\/arnay1418\/morts-et-souvenir\/\" \/>\n<meta property=\"og:site_name\" content=\"Arnay-le-Duc 1914-1918\" \/>\n<meta property=\"article:modified_time\" content=\"2023-07-06T04:32:04+00:00\" \/>\n<meta property=\"og:image\" content=\"https:\/\/arnay1418.rarebook-ubfc.fr\/wp-content\/uploads\/2021\/12\/MonumentPlan_Loin.jpg\" \/>\n<meta name=\"twitter:card\" content=\"summary_large_image\" \/>\n<meta name=\"twitter:label1\" content=\"Dur\u00e9e de lecture estim\u00e9e\" \/>\n\t<meta name=\"twitter:data1\" content=\"2 minutes\" \/>\n<script type=\"application\/ld+json\" class=\"yoast-schema-graph\">{\"@context\":\"https:\/\/schema.org\",\"@graph\":[{\"@type\":\"WebPage\",\"@id\":\"https:\/\/alisteraldridge.fr\/arnay1418\/morts-et-souvenir\/\",\"url\":\"https:\/\/alisteraldridge.fr\/arnay1418\/morts-et-souvenir\/\",\"name\":\"Le souvenir des morts - Arnay-le-Duc 1914-1918\",\"isPartOf\":{\"@id\":\"https:\/\/alisteraldridge.fr\/arnay1418\/#website\"},\"primaryImageOfPage\":{\"@id\":\"https:\/\/alisteraldridge.fr\/arnay1418\/morts-et-souvenir\/#primaryimage\"},\"image\":{\"@id\":\"https:\/\/alisteraldridge.fr\/arnay1418\/morts-et-souvenir\/#primaryimage\"},\"thumbnailUrl\":\"https:\/\/arnay1418.rarebook-ubfc.fr\/wp-content\/uploads\/2021\/12\/MonumentPlan_Loin.jpg\",\"datePublished\":\"2021-12-03T08:53:28+00:00\",\"dateModified\":\"2023-07-06T04:32:04+00:00\",\"breadcrumb\":{\"@id\":\"https:\/\/alisteraldridge.fr\/arnay1418\/morts-et-souvenir\/#breadcrumb\"},\"inLanguage\":\"fr-FR\",\"potentialAction\":[{\"@type\":\"ReadAction\",\"target\":[\"https:\/\/alisteraldridge.fr\/arnay1418\/morts-et-souvenir\/\"]}]},{\"@type\":\"ImageObject\",\"inLanguage\":\"fr-FR\",\"@id\":\"https:\/\/alisteraldridge.fr\/arnay1418\/morts-et-souvenir\/#primaryimage\",\"url\":\"https:\/\/arnay1418.rarebook-ubfc.fr\/wp-content\/uploads\/2021\/12\/MonumentPlan_Loin.jpg\",\"contentUrl\":\"https:\/\/arnay1418.rarebook-ubfc.fr\/wp-content\/uploads\/2021\/12\/MonumentPlan_Loin.jpg\"},{\"@type\":\"BreadcrumbList\",\"@id\":\"https:\/\/alisteraldridge.fr\/arnay1418\/morts-et-souvenir\/#breadcrumb\",\"itemListElement\":[{\"@type\":\"ListItem\",\"position\":1,\"name\":\"Home\",\"item\":\"https:\/\/alisteraldridge.fr\/arnay1418\/\"},{\"@type\":\"ListItem\",\"position\":2,\"name\":\"Le souvenir des morts\"}]},{\"@type\":\"WebSite\",\"@id\":\"https:\/\/alisteraldridge.fr\/arnay1418\/#website\",\"url\":\"https:\/\/alisteraldridge.fr\/arnay1418\/\",\"name\":\"Arnay-le-Duc 1914-1918\",\"description\":\"Histoire d&#039;une ville bourguignonne pendant la Premi\u00e8re Guerre mondiale\",\"potentialAction\":[{\"@type\":\"SearchAction\",\"target\":{\"@type\":\"EntryPoint\",\"urlTemplate\":\"https:\/\/alisteraldridge.fr\/arnay1418\/?s={search_term_string}\"},\"query-input\":{\"@type\":\"PropertyValueSpecification\",\"valueRequired\":true,\"valueName\":\"search_term_string\"}}],\"inLanguage\":\"fr-FR\"}]}<\/script>\n<!-- \/ Yoast SEO plugin. -->","yoast_head_json":{"title":"Le souvenir des morts - Arnay-le-Duc 1914-1918","robots":{"index":"index","follow":"follow","max-snippet":"max-snippet:-1","max-image-preview":"max-image-preview:large","max-video-preview":"max-video-preview:-1"},"canonical":"https:\/\/alisteraldridge.fr\/arnay1418\/morts-et-souvenir\/","og_locale":"fr_FR","og_type":"article","og_title":"Le souvenir des morts - Arnay-le-Duc 1914-1918","og_description":"Soldats dont les noms sont inscritssur le monument aux morts et sur la plaque comm\u00e9morative en l&rsquo;\u00e9glise Saint-Laurent ARNOUX ClaudeBELLANT LouisBELLANT Ren\u00e9BERTRAND GastonBIDAULT Claude JeanBILLET [...]","og_url":"https:\/\/alisteraldridge.fr\/arnay1418\/morts-et-souvenir\/","og_site_name":"Arnay-le-Duc 1914-1918","article_modified_time":"2023-07-06T04:32:04+00:00","og_image":[{"url":"https:\/\/arnay1418.rarebook-ubfc.fr\/wp-content\/uploads\/2021\/12\/MonumentPlan_Loin.jpg","type":"","width":"","height":""}],"twitter_card":"summary_large_image","twitter_misc":{"Dur\u00e9e de lecture estim\u00e9e":"2 minutes"},"schema":{"@context":"https:\/\/schema.org","@graph":[{"@type":"WebPage","@id":"https:\/\/alisteraldridge.fr\/arnay1418\/morts-et-souvenir\/","url":"https:\/\/alisteraldridge.fr\/arnay1418\/morts-et-souvenir\/","name":"Le souvenir des morts - Arnay-le-Duc 1914-1918","isPartOf":{"@id":"https:\/\/alisteraldridge.fr\/arnay1418\/#website"},"primaryImageOfPage":{"@id":"https:\/\/alisteraldridge.fr\/arnay1418\/morts-et-souvenir\/#primaryimage"},"image":{"@id":"https:\/\/alisteraldridge.fr\/arnay1418\/morts-et-souvenir\/#primaryimage"},"thumbnailUrl":"https:\/\/arnay1418.rarebook-ubfc.fr\/wp-content\/uploads\/2021\/12\/MonumentPlan_Loin.jpg","datePublished":"2021-12-03T08:53:28+00:00","dateModified":"2023-07-06T04:32:04+00:00","breadcrumb":{"@id":"https:\/\/alisteraldridge.fr\/arnay1418\/morts-et-souvenir\/#breadcrumb"},"inLanguage":"fr-FR","potentialAction":[{"@type":"ReadAction","target":["https:\/\/alisteraldridge.fr\/arnay1418\/morts-et-souvenir\/"]}]},{"@type":"ImageObject","inLanguage":"fr-FR","@id":"https:\/\/alisteraldridge.fr\/arnay1418\/morts-et-souvenir\/#primaryimage","url":"https:\/\/arnay1418.rarebook-ubfc.fr\/wp-content\/uploads\/2021\/12\/MonumentPlan_Loin.jpg","contentUrl":"https:\/\/arnay1418.rarebook-ubfc.fr\/wp-content\/uploads\/2021\/12\/MonumentPlan_Loin.jpg"},{"@type":"BreadcrumbList","@id":"https:\/\/alisteraldridge.fr\/arnay1418\/morts-et-souvenir\/#breadcrumb","itemListElement":[{"@type":"ListItem","position":1,"name":"Home","item":"https:\/\/alisteraldridge.fr\/arnay1418\/"},{"@type":"ListItem","position":2,"name":"Le souvenir des morts"}]},{"@type":"WebSite","@id":"https:\/\/alisteraldridge.fr\/arnay1418\/#website","url":"https:\/\/alisteraldridge.fr\/arnay1418\/","name":"Arnay-le-Duc 1914-1918","description":"Histoire d&#039;une ville bourguignonne pendant la Premi\u00e8re Guerre mondiale","potentialAction":[{"@type":"SearchAction","target":{"@type":"EntryPoint","urlTemplate":"https:\/\/alisteraldridge.fr\/arnay1418\/?s={search_term_string}"},"query-input":{"@type":"PropertyValueSpecification","valueRequired":true,"valueName":"search_term_string"}}],"inLanguage":"fr-FR"}]}},"featured_image_src":null,"jetpack_sharing_enabled":true,"_links":{"self":[{"href":"https:\/\/alisteraldridge.fr\/arnay1418\/wp-json\/wp\/v2\/pages\/44"}],"collection":[{"href":"https:\/\/alisteraldridge.fr\/arnay1418\/wp-json\/wp\/v2\/pages"}],"about":[{"href":"https:\/\/alisteraldridge.fr\/arnay1418\/wp-json\/wp\/v2\/types\/page"}],"author":[{"embeddable":true,"href":"https:\/\/alisteraldridge.fr\/arnay1418\/wp-json\/wp\/v2\/users\/2"}],"replies":[{"embeddable":true,"href":"https:\/\/alisteraldridge.fr\/arnay1418\/wp-json\/wp\/v2\/comments?post=44"}],"version-history":[{"count":6,"href":"https:\/\/alisteraldridge.fr\/arnay1418\/wp-json\/wp\/v2\/pages\/44\/revisions"}],"predecessor-version":[{"id":2676,"href":"https:\/\/alisteraldridge.fr\/arnay1418\/wp-json\/wp\/v2\/pages\/44\/revisions\/2676"}],"wp:attachment":[{"href":"https:\/\/alisteraldridge.fr\/arnay1418\/wp-json\/wp\/v2\/media?parent=44"}],"curies":[{"name":"wp","href":"https:\/\/api.w.org\/{rel}","templated":true}]}}