{"id":229,"date":"2022-01-15T15:23:57","date_gmt":"2022-01-15T15:23:57","guid":{"rendered":"https:\/\/arnay1418.rarebook-ubfc.fr\/?page_id=229"},"modified":"2023-01-17T23:28:19","modified_gmt":"2023-01-17T23:28:19","slug":"deroye-auguste-edouard","status":"publish","type":"page","link":"https:\/\/alisteraldridge.fr\/arnay1418\/deroye-auguste-edouard\/","title":{"rendered":"DEROYE Auguste Edouard"},"content":{"rendered":"<p class=\"has-text-align-center has-large-font-size\"><strong>DEROYE <\/strong>Auguste Edouard<\/p><p class=\"has-text-align-center\">\u00a4 15 octobre 1896 \u00e0 Arnay-le-Duc<br>\u2020 26 octobre 1916 \u00e0 Bray-sur-Somme<br>Chasseur &#8211; 5<sup>e<\/sup> bataillon de chasseurs \u00e0 pied &#8211; 20 ans<br>Blessures de guerre<br>Mort pour la France<\/p><div class=\"quote1\">&lsquo;Agent de liaison, a \u00e9t\u00e9 bless\u00e9 emportant un ordre sous un bombardement violent&rsquo;<\/div><hr class=\"wp-block-separator has-text-color has-black-color has-css-opacity has-black-background-color has-background is-style-wide\"\/><h1 class=\"wp-block-heading\" id=\"acte-de-naissance\"><em>Acte de naissance<\/em><\/h1><div class=\"wp-block-group is-layout-flow wp-block-group-is-layout-flow\"><div class=\"wp-block-group is-layout-flow wp-block-group-is-layout-flow\"><div class=\"wp-block-group is-layout-flow wp-block-group-is-layout-flow\"><p class=\"has-text-align-center\"><em>N\u00b0 120<\/em><\/p>\n\n<p class=\"has-text-align-center\"><em>Acte de Naissance<br>de<br>Deroye, Auguste-Edouard<br>(l\u00e9gitime)<br>Du 15 8bre 1896<\/em><\/p>\n\n<p class=\"has-text-align-center\">&#8212;<\/p><\/div><\/div>\n\n<p>L\u2019an mil huit cent quatre-vingt-seize, le quinze Octobre, \u00e0 cinq heures du soir, heure l\u00e9gale, pardevant nous Vollot Antoine-Fran\u00e7ois, maire, officier de l\u2019\u00e9tat civil de la ville d\u2019Arnay-le-Duc, chef-lieu de canton, arrondissement de Beaune, d\u00e9partement de la C\u00f4te-d\u2019Or. A comparu le sieur Deroye, Louis-Eus\u00e8be, \u00e2g\u00e9 de vingt-neuf ans, marchand d\u2019\u00e9toffes, domicili\u00e9 \u00e0 Arnay-le-Duc, rue du Craquelin, lequel nous a pr\u00e9sent\u00e9 un enfant du sexe masculin, n\u00e9 aujourd\u2019hui \u00e0 deux heures et demie du soir, heure l\u00e9gale, en son domicile, de son mariage contract\u00e9 \u00e0 Arnay-le-Duc, le onze D\u00e9cembre mil huit cent quatre-vingt-quatorze avec Richoux, C\u00e9line Marie, sans profession, \u00e2g\u00e9e de vingt-un ans, domicili\u00e9e avec lui et auquel enfant il a d\u00e9clar\u00e9 donner les pr\u00e9noms de&nbsp;: <strong>Auguste-Edouard<\/strong>. Lesdites pr\u00e9sentation et d\u00e9claration faites en pr\u00e9sence des sieurs Guenot, Constant, \u00e2g\u00e9 de quarante-deux ans, sans profession, oncle par alliance de l\u2019enfant, Fontaine, Jean-Baptiste, \u00e2g\u00e9 de quarante-un ans, \u00e9picier, tous deux domicili\u00e9s \u00e0 Arnay-le-Duc, et ont le p\u00e8re de l\u2019enfant et les deux t\u00e9moins sign\u00e9 avec nous le pr\u00e9sent acte de naissance apr\u00e8s lecture.<br>[Signatures] Deroye, C. Guenot, Fontaine, A. Vollot.<\/p>\n\n<p>[<a href=\"https:\/\/archives.cotedor.fr\/v2\/ark:\/71137\/gf186e0b8f0583928ea2789657645f0fe\/22410f9dc24e1609ca592d3518ae2326\/238\/ZnJhZDAyMV8wMjZfMmUwMjZhcnQwMzJfMDIzOC5qcGc=\" target=\"_blank\" rel=\"noreferrer noopener\">Lien vers le document original<\/a>]<\/p><\/div><h1 class=\"wp-block-heading\" id=\"fiche-matricule\">Fiche matricule<\/h1><div class=\"tableFM\">\n<p><strong>Nom : <\/strong><em>Deroye<\/em><br>\n<strong>Pr\u00e9noms : <\/strong><em>Auguste-Edouard<\/em><br>\n<strong>Surnoms :<\/strong><em><\/em><br>\n<strong>Num\u00e9ro matricule du recrutement : <\/strong><em>93<\/em><br>\n<strong>Classe de mobilisation :<\/strong><em><\/em><\/p>\n<hr>\n<h3>\u00c9tat civil :<\/h3>\n<p><strong>N\u00e9 le<\/strong> <em>15 octobre 1896<\/em>, <strong>\u00e0<\/strong> <em>Arnay-le-Duc<\/em>, <strong>canton d<\/strong><em>udit<\/em>, <strong>d\u00e9partement de<\/strong> <em>C\u00f4te-d&rsquo;Or<\/em>, <strong>r\u00e9sidant \u00e0<\/strong> <em>Arnay-le-Duc<\/em>, <strong>canton d<\/strong><em>udit<\/em>, d\u00e9partement de<\/strong> <em>C\u00f4te-d&rsquo;Or<\/em>, <strong>profession d<\/strong><em>employ\u00e9 de commerce<\/em>, <strong>fils de<\/strong> <em>Louis-Eus\u00e8be<\/em><strong> et de<\/strong> <em>Richoux C\u00e9line-Marie<\/em><strong> domicili\u00e9s \u00e0<\/strong> <em>Arnay-le-Duc<\/em>, <strong>canton d<\/strong><em>udit<\/em>, <strong>d\u00e9partement de<\/strong> <em>C\u00f4te-d&rsquo;Or<\/em>.<\/p>\n<p><strong>N\u00b0.<\/strong><em><\/em> <strong>de tirage dans le canton d<\/strong><em><\/em>.<\/p>\n<hr>\n<h3>Signalement :<\/h3>\n<strong>Cheveux<\/strong> <em>ch\u00e2tain clair<\/em>, <strong>yeux<\/strong> <em>bleus<\/em>,<br>\n<strong>front<\/strong> <em>moyen<\/em>, <strong>nez<\/strong> <em>rectiligne<\/em>,<br>\n<strong>visage<\/strong> <em>ovale<\/em>, <strong>Renseignements physionomiques<br>\ncompl\u00e9mentaires :<\/strong> <em>_<\/em>.<br>\n<strong>Taille :<\/strong> <em>1<\/em><strong>m\u00e8tre<\/strong><em>65<\/em> <strong>centim\u00e8tres. Taille rectifi\u00e9e :<\/strong> <em>1<\/em><br><strong>m\u00e8tre<\/strong><em>_<\/em><strong>centim\u00e8tres.<\/strong><br>\n<strong>Marques particuli\u00e8res : <\/strong><em>_<\/em><br>\n<strong>Degr\u00e9 d\u2019instruction g\u00e9n\u00e9rale : <\/strong><em>3<\/em>.<\/p>\n<hr>\n<h3>D\u00e9cision du conseil de r\u00e9vision et motifs :<\/h3>\n<p><strong>Inscrit sous le n\u00b0<\/strong><em>35<\/em> <strong>de la liste du canton d&rsquo;<\/strong><em>Arnay-le-Duc<\/em><br>\n<strong>Class\u00e9 dans la<\/strong> <em>1\u00b0<\/em> <strong>partie de la liste en 19<\/strong><em>15<\/em>.<\/p>\n<hr>\n<h3>Corps d\u2019affectation \/ Num\u00e9ros au contr\u00f4le sp\u00e9cial \u2013 matricule ou au r\u00e9pertoire<\/h3>\n<p><strong>Dans l\u2019arm\u00e9e active :<\/strong> <em>5e Bataillon de chasseurs \u00e0 pied &#8211; 5807<\/em><br>\n<strong>Disponibilit\u00e9 et r\u00e9serve de l\u2019arm\u00e9e active :<\/strong> <em>_<\/em><br>\n<strong>Arm\u00e9e territoriale et sa r\u00e9serve :<\/strong> <em>_<\/em><\/p>.\n<hr>\n<h3>D\u00e9tail des services et mutations diverses.<\/h3>\n<p><em>Incorpor\u00e9 \u00e0 compter du 12 avril 1915 &#8211; arriv\u00e9 au corps le dit jour.<br>\nChasseur de 1\u00e8re classe le 11 septembre 1916. D\u00e9c\u00e9d\u00e9 le 26 octobre 1916, suites de blessures de guerre \u00e0 l&rsquo;Hopital d&rsquo;Evacuation n\u00b032 &#8211; secteur 150. Bray-sur-Somme.<br>\nInhum\u00e9 au Cimeti\u00e8re de Bray-sur-Somme. Fosse 49 tomb\u00e9 6. Avis officiel de d\u00e9c\u00e8s n\u00b0 HB.9417 du 9 novembre 1917. Ray\u00e9 du corps le 27 Octobre 1916. Ray\u00e9 le 15 septembre 1917<\/em>.<\/p>\n<hr>\n<h3>Ant\u00e9c\u00e9dents judiciaires et condamnations<\/h3>\n<p><em>_<\/em>.<\/p>\n<hr>\n<h3>Campagnes.<\/h3>\n<p><em>Contre l&rsquo;Allemagne du 12 avril 1915 au 26 octobre 1916.<\/em><\/p>\n<hr>\n<h3>Blessures, citations, d\u00e9corations, etc.<\/h3>\n<p><em>Bless\u00e9 le 23 octobre 1916 \u00e0 Sailli Saillisel \u00ab\u00a0Chasseur de la classe 1916, agent de liaison a \u00e9t\u00e9 bless\u00e9 emportant un ordre sous un bombardement violent. Ordre n\u00b0306 du 5e Bataillon du 14 novembre 1916.<\/em><\/p>\n<hr>\n<h3>P\u00e9riodes d&rsquo;exercices.<\/h3>\n<p><strong>R\u00e9serve :<\/strong><em>_<\/em><br>\n<strong>Arm\u00e9e territoriale :<\/strong><em>_<\/em><br>\n<strong>Sp\u00e9ciales aux hommes du service de garde des voies de communication :<\/strong><em>_<\/em><\/p>\n<hr>\n<h3>Localit\u00e9s successives habit\u00e9es<br>par suite de changements de domicile ou de r\u00e9sidence<\/h3>\n<strong>Dates \/ Communes \/ Subdivisions de r\u00e9gion \/ D : Domicile, R : R\u00e9sidence<\/strong>\n<p><em>_<\/em><\/p>\n<hr>\n<h3>\u00c9poque \u00e0 laquelle l\u2019homme doit passer dans :<\/h3>\n<p><strong>La disponibilit\u00e9 de l\u2019arm\u00e9e active :<\/strong><em>_<\/em><br>\n<strong>La r\u00e9serve de l\u2019arm\u00e9e active :<\/strong><em>_<\/em><br>\n<strong>L\u2019arm\u00e9e territoriale :<\/strong><em>_<\/em><br>\n<strong>La r\u00e9serve de l\u2019arm\u00e9e territoriale : <\/strong><em>_<\/em><br>\n<strong>Date de la lib\u00e9ration du service militaire :<\/strong><em>_<\/em><\/p>\n<\/div><p>[<a href=\"https:\/\/archives.cotedor.fr\/v2\/ark:\/71137\/g2a085716788da66803f3bf73d5365604\/cacca8585abaf9ca6cc4aca09fc8d169\/159\/ZnJhZDAyMV9yMjUyMV8wMTU5LmpwZw==\" target=\"_blank\" rel=\"noreferrer noopener\">Lien vers le document original<\/a>]<\/p><h1 class=\"wp-block-heading\" id=\"transcription-deces\">Transcription d\u00e9c\u00e8s<\/h1><div class=\"wp-block-group is-layout-flow wp-block-group-is-layout-flow\"><p class=\"has-text-align-center\"><em>N\u00b0 4<\/em><\/p>\n\n<p class=\"has-text-align-center\"><em>Transcription de l\u2019acte de d\u00e9c\u00e8s<br>de Deroye, Auguste-Edouard<br>&#8212;<br>Mort pour la France<br>Du 10 janvier 1917<\/em><\/p>\n\n<p class=\"has-text-align-center\">&#8212;<\/p><\/div><div class=\"wp-block-group is-layout-flow wp-block-group-is-layout-flow\"><p>L\u2019an mil neuf cent seize le vingt-six du mois d\u2019octobre \u00e0 z\u00e9ro heure dix minutes \u00e9tant \u00e0 l\u2019h\u00f4pital d\u2019Evacuation num\u00e9ro 32 \u00e0 Bray-sur-Somme (Somme). Acte de d\u00e9c\u00e8s de Auguste Edouard <strong>Deroye<\/strong>, soldat au cinqui\u00e8me Bataillon de chasseurs \u00e0 pied, troisi\u00e8me compagnie immatricul\u00e9 sous le num\u00e9ro quatre-vingt-treize, recrutement d\u2019Auxonne classe 1916 n\u00e9 le quinze octobre mil huit cent quatre-vingt-seize \u00e0 Arnay-le-Duc canton dudit d\u00e9partement de la C\u00f4te-d\u2019Or domicili\u00e9 en dernier \u2018\u2019<strong>Mort pour la France<\/strong>\u2019\u2019 \u00e0 Bray-sur-Somme le vingt-six du mois d\u2019Octobre \u00e0 z\u00e9ro heure dix minutes des suites de blessures de guerre, fils de Louis Eus\u00e8be et de C\u00e9line Marie Richout domicili\u00e9s \u00e0 Arnay-le-Duc canton dudit d\u00e9partement de la C\u00f4te-d\u2019Or, conform\u00e9ment \u00e0 l\u2019article 77 du Code Civil, nous nous sommes transport\u00e9 aupr\u00e8s de la personne d\u00e9c\u00e9d\u00e9e et assur\u00e9 de la r\u00e9alit\u00e9 du d\u00e9c\u00e8s. Dress\u00e9 par nous Charles Henri Albert Veyre, officier d\u2019administration de premi\u00e8re classe, gestionnaire, chevalier de la L\u00e9gion d\u2019Honneur, officier de l\u2019Etat-Civil, sur la d\u00e9claration de Jacques Albert Alaix, vingt-trois ans soldat \u00e0 la quatorzi\u00e8me section d\u2019Infirmiers et de Emmanuel Cyprien Thevenet, vingt-deux ans soldat \u00e0 la quatorzi\u00e8me section d\u2019Infirmiers, t\u00e9moins qui ont sign\u00e9 avec nous apr\u00e8s lecture \u2013 suivent les signatures pour exp\u00e9dition conforme. L\u2019officier de l\u2019Etat-Civil.<br>Sign\u00e9&nbsp;: Veyre. Vu par nous Yves Paul Charles Marie Ollivier m\u00e9decin chef. Sign\u00e9&nbsp;: Ollivier. Vu pour l\u00e9galisation de la signature de D<sup>r<\/sup> Yves Paul Charles Marie Ollivier. Paris le trente d\u00e9cembre mil neuf cent seize. Le Ministre de la Guerre par d\u00e9l\u00e9gation&nbsp;: le Chef du bureau des archives administratives.<br>Sign\u00e9&nbsp;: illisible.<br>L\u2019acte de d\u00e9c\u00e8s ci-dessus a \u00e9t\u00e9 transcrit le dix janvier mil neuf cent dix-sept \u00e0 onze heures du matin par nous Nicolas Justin Hutin maire d\u2019Arnay-le-Duc.<\/p>\n\n<p>[signature] Hutin<\/p><\/div><p>[<a href=\"https:\/\/archives.cotedor.fr\/v2\/ark:\/71137\/g77c864dae582bb1df5090c4ce3b62a10\/8c2f9bcd65715cd287912f7535d81667\/53\/ZnJhZDAyMV8wMjZfMmUwMjZhcnQwMzdfMDA1My5qcGc=\" target=\"_blank\" rel=\"noreferrer noopener\">Lien vers le document original<\/a>]<\/p><h1 class=\"wp-block-heading\" id=\"donnees-additionnelles\">Donn\u00e9es additionnelles<\/h1><p>Auguste Edouard <strong>Deroye <\/strong>est le cousin germain de Fran\u00e7ois Auguste <strong>Deroye<\/strong>, aviateur natif d&rsquo;Arnay-le-Duc et mort dans un accident d&rsquo;aviation \u00e0 Buc en avril 1914.<\/p><figure class=\"wp-block-image aligncenter size-full is-resized\"><img loading=\"lazy\" decoding=\"async\" src=\"https:\/\/arnay1418.rarebook-ubfc.fr\/wp-content\/uploads\/2022\/01\/Deroye.png\" alt=\"\" class=\"wp-image-241\" width=\"639\" height=\"432\" srcset=\"https:\/\/alisteraldridge.fr\/arnay1418\/wp-content\/uploads\/sites\/2\/2022\/01\/Deroye.png 810w, https:\/\/alisteraldridge.fr\/arnay1418\/wp-content\/uploads\/sites\/2\/2022\/01\/Deroye-300x203.png 300w, https:\/\/alisteraldridge.fr\/arnay1418\/wp-content\/uploads\/sites\/2\/2022\/01\/Deroye-768x521.png 768w\" sizes=\"(max-width: 639px) 100vw, 639px\" \/><figcaption class=\"wp-element-caption\">Cousinage entre Auguste Edouard et Fran\u00e7ois Auguste <strong>Deroye<\/strong><\/figcaption><\/figure><p>Alors qu\u2019il est sur le front de la Somme, le chasseur Deroye est rejoint en septembre 1916 par son camarade arn\u00e9tois <a href=\"https:\/\/alisteraldridge.fr\/arnay1418\/levitre-julien\/\" target=\"_blank\" rel=\"noreferrer noopener\">Julien Levitre<\/a>, ainsi que par <a href=\"https:\/\/alisteraldridge.fr\/arnay1418\/didier-marcel\/\" target=\"_blank\" rel=\"noreferrer noopener\">Marcel Didier<\/a>.<\/p><h1 class=\"wp-block-heading\" id=\"sources\">Sources<\/h1><ul class=\"wp-block-list\"><li><em>A.D. de la C\u00f4te-d\u2019Or, \u00e9tat civil num\u00e9ris\u00e9 Arnay-le-Duc 1893 \u2013 1896 (<em>FRAD021EC 26\/036<\/em>), Deroye Auguste Edouard, n\u00b0120, 1896, <a href=\"https:\/\/archives.cotedor.fr\/v2\/ark:\/71137\/gf186e0b8f0583928ea2789657645f0fe\/22410f9dc24e1609ca592d3518ae2326\/238\/ZnJhZDAyMV8wMjZfMmUwMjZhcnQwMzJfMDIzOC5qcGc=\">vue&nbsp;238\/272<\/a>.<\/em><\/li>\n\n<li><em>A.D. de la C\u00f4te-d\u2019Or, recrutement militaire (1867-1940)<\/em>, <em>classe 1916, bureau d\u2019Auxonne (R 2521), <a href=\"https:\/\/archives.cotedor.fr\/v2\/ark:\/71137\/g2a085716788da66803f3bf73d5365604\/cacca8585abaf9ca6cc4aca09fc8d169\/159\/ZnJhZDAyMV9yMjUyMV8wMTU5LmpwZw==\">vue 159\/893<\/a>.<\/em><\/li>\n\n<li><em>A.D. de la C\u00f4te-d\u2019Or, \u00e9tat civil num\u00e9ris\u00e9 Arnay-le-Duc 1916 \u2013 1920 (FRAD021EC 26\/041), Deroye Auguste Edouard (transcription), n\u00b04, 1917, <a href=\"https:\/\/archives.cotedor.fr\/v2\/ark:\/71137\/g77c864dae582bb1df5090c4ce3b62a10\/8c2f9bcd65715cd287912f7535d81667\/53\/ZnJhZDAyMV8wMjZfMmUwMjZhcnQwMzdfMDA1My5qcGc=\">vues&nbsp;53-54\/329<\/a>.<\/em><\/li><\/ul>","protected":false},"excerpt":{"rendered":"<p>DEROYE Auguste Edouard \u00a4 15 octobre 1896 \u00e0 Arnay-le-Duc\u2020 26 octobre 1916 \u00e0 Bray-sur-SommeChasseur &#8211; 5e bataillon de chasseurs \u00e0 pied &#8211; 20 ansBlessures de [&#8230;]<\/p>\n","protected":false},"author":2,"featured_media":0,"parent":0,"menu_order":0,"comment_status":"closed","ping_status":"closed","template":"","meta":{"footnotes":""},"class_list":["post-229","page","type-page","status-publish","hentry"],"yoast_head":"<!-- This site is optimized with the Yoast SEO plugin v25.6 - https:\/\/yoast.com\/wordpress\/plugins\/seo\/ -->\n<title>DEROYE Auguste Edouard - Arnay-le-Duc 1914-1918<\/title>\n<meta name=\"robots\" content=\"index, follow, max-snippet:-1, max-image-preview:large, max-video-preview:-1\" \/>\n<link rel=\"canonical\" href=\"https:\/\/alisteraldridge.fr\/arnay1418\/deroye-auguste-edouard\/\" \/>\n<meta property=\"og:locale\" content=\"fr_FR\" \/>\n<meta property=\"og:type\" content=\"article\" \/>\n<meta property=\"og:title\" content=\"DEROYE Auguste Edouard - Arnay-le-Duc 1914-1918\" \/>\n<meta property=\"og:description\" content=\"DEROYE Auguste Edouard \u00a4 15 octobre 1896 \u00e0 Arnay-le-Duc\u2020 26 octobre 1916 \u00e0 Bray-sur-SommeChasseur &#8211; 5e bataillon de chasseurs \u00e0 pied &#8211; 20 ansBlessures de [...]\" \/>\n<meta property=\"og:url\" content=\"https:\/\/alisteraldridge.fr\/arnay1418\/deroye-auguste-edouard\/\" \/>\n<meta property=\"og:site_name\" content=\"Arnay-le-Duc 1914-1918\" \/>\n<meta property=\"article:modified_time\" content=\"2023-01-17T23:28:19+00:00\" \/>\n<meta property=\"og:image\" content=\"https:\/\/arnay1418.rarebook-ubfc.fr\/wp-content\/uploads\/2022\/01\/Deroye.png\" \/>\n<meta name=\"twitter:card\" content=\"summary_large_image\" \/>\n<meta name=\"twitter:label1\" content=\"Dur\u00e9e de lecture estim\u00e9e\" \/>\n\t<meta name=\"twitter:data1\" content=\"6 minutes\" \/>\n<script type=\"application\/ld+json\" class=\"yoast-schema-graph\">{\"@context\":\"https:\/\/schema.org\",\"@graph\":[{\"@type\":\"WebPage\",\"@id\":\"https:\/\/alisteraldridge.fr\/arnay1418\/deroye-auguste-edouard\/\",\"url\":\"https:\/\/alisteraldridge.fr\/arnay1418\/deroye-auguste-edouard\/\",\"name\":\"DEROYE Auguste Edouard - Arnay-le-Duc 1914-1918\",\"isPartOf\":{\"@id\":\"https:\/\/alisteraldridge.fr\/arnay1418\/#website\"},\"primaryImageOfPage\":{\"@id\":\"https:\/\/alisteraldridge.fr\/arnay1418\/deroye-auguste-edouard\/#primaryimage\"},\"image\":{\"@id\":\"https:\/\/alisteraldridge.fr\/arnay1418\/deroye-auguste-edouard\/#primaryimage\"},\"thumbnailUrl\":\"https:\/\/arnay1418.rarebook-ubfc.fr\/wp-content\/uploads\/2022\/01\/Deroye.png\",\"datePublished\":\"2022-01-15T15:23:57+00:00\",\"dateModified\":\"2023-01-17T23:28:19+00:00\",\"breadcrumb\":{\"@id\":\"https:\/\/alisteraldridge.fr\/arnay1418\/deroye-auguste-edouard\/#breadcrumb\"},\"inLanguage\":\"fr-FR\",\"potentialAction\":[{\"@type\":\"ReadAction\",\"target\":[\"https:\/\/alisteraldridge.fr\/arnay1418\/deroye-auguste-edouard\/\"]}]},{\"@type\":\"ImageObject\",\"inLanguage\":\"fr-FR\",\"@id\":\"https:\/\/alisteraldridge.fr\/arnay1418\/deroye-auguste-edouard\/#primaryimage\",\"url\":\"https:\/\/arnay1418.rarebook-ubfc.fr\/wp-content\/uploads\/2022\/01\/Deroye.png\",\"contentUrl\":\"https:\/\/arnay1418.rarebook-ubfc.fr\/wp-content\/uploads\/2022\/01\/Deroye.png\"},{\"@type\":\"BreadcrumbList\",\"@id\":\"https:\/\/alisteraldridge.fr\/arnay1418\/deroye-auguste-edouard\/#breadcrumb\",\"itemListElement\":[{\"@type\":\"ListItem\",\"position\":1,\"name\":\"Home\",\"item\":\"https:\/\/alisteraldridge.fr\/arnay1418\/\"},{\"@type\":\"ListItem\",\"position\":2,\"name\":\"DEROYE Auguste Edouard\"}]},{\"@type\":\"WebSite\",\"@id\":\"https:\/\/alisteraldridge.fr\/arnay1418\/#website\",\"url\":\"https:\/\/alisteraldridge.fr\/arnay1418\/\",\"name\":\"Arnay-le-Duc 1914-1918\",\"description\":\"Histoire d&#039;une ville bourguignonne pendant la Premi\u00e8re Guerre mondiale\",\"potentialAction\":[{\"@type\":\"SearchAction\",\"target\":{\"@type\":\"EntryPoint\",\"urlTemplate\":\"https:\/\/alisteraldridge.fr\/arnay1418\/?s={search_term_string}\"},\"query-input\":{\"@type\":\"PropertyValueSpecification\",\"valueRequired\":true,\"valueName\":\"search_term_string\"}}],\"inLanguage\":\"fr-FR\"}]}<\/script>\n<!-- \/ Yoast SEO plugin. -->","yoast_head_json":{"title":"DEROYE Auguste Edouard - Arnay-le-Duc 1914-1918","robots":{"index":"index","follow":"follow","max-snippet":"max-snippet:-1","max-image-preview":"max-image-preview:large","max-video-preview":"max-video-preview:-1"},"canonical":"https:\/\/alisteraldridge.fr\/arnay1418\/deroye-auguste-edouard\/","og_locale":"fr_FR","og_type":"article","og_title":"DEROYE Auguste Edouard - Arnay-le-Duc 1914-1918","og_description":"DEROYE Auguste Edouard \u00a4 15 octobre 1896 \u00e0 Arnay-le-Duc\u2020 26 octobre 1916 \u00e0 Bray-sur-SommeChasseur &#8211; 5e bataillon de chasseurs \u00e0 pied &#8211; 20 ansBlessures de [...]","og_url":"https:\/\/alisteraldridge.fr\/arnay1418\/deroye-auguste-edouard\/","og_site_name":"Arnay-le-Duc 1914-1918","article_modified_time":"2023-01-17T23:28:19+00:00","og_image":[{"url":"https:\/\/arnay1418.rarebook-ubfc.fr\/wp-content\/uploads\/2022\/01\/Deroye.png","type":"","width":"","height":""}],"twitter_card":"summary_large_image","twitter_misc":{"Dur\u00e9e de lecture estim\u00e9e":"6 minutes"},"schema":{"@context":"https:\/\/schema.org","@graph":[{"@type":"WebPage","@id":"https:\/\/alisteraldridge.fr\/arnay1418\/deroye-auguste-edouard\/","url":"https:\/\/alisteraldridge.fr\/arnay1418\/deroye-auguste-edouard\/","name":"DEROYE Auguste Edouard - Arnay-le-Duc 1914-1918","isPartOf":{"@id":"https:\/\/alisteraldridge.fr\/arnay1418\/#website"},"primaryImageOfPage":{"@id":"https:\/\/alisteraldridge.fr\/arnay1418\/deroye-auguste-edouard\/#primaryimage"},"image":{"@id":"https:\/\/alisteraldridge.fr\/arnay1418\/deroye-auguste-edouard\/#primaryimage"},"thumbnailUrl":"https:\/\/arnay1418.rarebook-ubfc.fr\/wp-content\/uploads\/2022\/01\/Deroye.png","datePublished":"2022-01-15T15:23:57+00:00","dateModified":"2023-01-17T23:28:19+00:00","breadcrumb":{"@id":"https:\/\/alisteraldridge.fr\/arnay1418\/deroye-auguste-edouard\/#breadcrumb"},"inLanguage":"fr-FR","potentialAction":[{"@type":"ReadAction","target":["https:\/\/alisteraldridge.fr\/arnay1418\/deroye-auguste-edouard\/"]}]},{"@type":"ImageObject","inLanguage":"fr-FR","@id":"https:\/\/alisteraldridge.fr\/arnay1418\/deroye-auguste-edouard\/#primaryimage","url":"https:\/\/arnay1418.rarebook-ubfc.fr\/wp-content\/uploads\/2022\/01\/Deroye.png","contentUrl":"https:\/\/arnay1418.rarebook-ubfc.fr\/wp-content\/uploads\/2022\/01\/Deroye.png"},{"@type":"BreadcrumbList","@id":"https:\/\/alisteraldridge.fr\/arnay1418\/deroye-auguste-edouard\/#breadcrumb","itemListElement":[{"@type":"ListItem","position":1,"name":"Home","item":"https:\/\/alisteraldridge.fr\/arnay1418\/"},{"@type":"ListItem","position":2,"name":"DEROYE Auguste Edouard"}]},{"@type":"WebSite","@id":"https:\/\/alisteraldridge.fr\/arnay1418\/#website","url":"https:\/\/alisteraldridge.fr\/arnay1418\/","name":"Arnay-le-Duc 1914-1918","description":"Histoire d&#039;une ville bourguignonne pendant la Premi\u00e8re Guerre mondiale","potentialAction":[{"@type":"SearchAction","target":{"@type":"EntryPoint","urlTemplate":"https:\/\/alisteraldridge.fr\/arnay1418\/?s={search_term_string}"},"query-input":{"@type":"PropertyValueSpecification","valueRequired":true,"valueName":"search_term_string"}}],"inLanguage":"fr-FR"}]}},"featured_image_src":null,"jetpack_sharing_enabled":true,"_links":{"self":[{"href":"https:\/\/alisteraldridge.fr\/arnay1418\/wp-json\/wp\/v2\/pages\/229"}],"collection":[{"href":"https:\/\/alisteraldridge.fr\/arnay1418\/wp-json\/wp\/v2\/pages"}],"about":[{"href":"https:\/\/alisteraldridge.fr\/arnay1418\/wp-json\/wp\/v2\/types\/page"}],"author":[{"embeddable":true,"href":"https:\/\/alisteraldridge.fr\/arnay1418\/wp-json\/wp\/v2\/users\/2"}],"replies":[{"embeddable":true,"href":"https:\/\/alisteraldridge.fr\/arnay1418\/wp-json\/wp\/v2\/comments?post=229"}],"version-history":[{"count":1,"href":"https:\/\/alisteraldridge.fr\/arnay1418\/wp-json\/wp\/v2\/pages\/229\/revisions"}],"predecessor-version":[{"id":2386,"href":"https:\/\/alisteraldridge.fr\/arnay1418\/wp-json\/wp\/v2\/pages\/229\/revisions\/2386"}],"wp:attachment":[{"href":"https:\/\/alisteraldridge.fr\/arnay1418\/wp-json\/wp\/v2\/media?parent=229"}],"curies":[{"name":"wp","href":"https:\/\/api.w.org\/{rel}","templated":true}]}}